
False
Suppose -519*s + 7436415 = -504*s. Is s a composite number?
True
Suppose -2*v + 324 = 7*v. Suppose v*u = 7*u + 55883. Is u composite?
True
Let o = -28 - -32. Suppose o*t = -q - 1, -5*q - 4*t + 4 + 7 = 0. Is (q - 1)/((-4)/(-6134)) a prime number?
True
Is (-1 - 0)*-2*(-86309)/(-2) a prime number?
False
Suppose -u = -16 - 8. Suppose 12*n - 15*n = -5*r - 62, 0 = -2*n + 2*r + 40. Suppose -u*a + n*a = -3545. Is a a prime number?
True
Suppose 4*r - 20 = 0, -r + 2*r = 5*q - 475. Suppose -q*o = -99*o + 834. Suppose 4*j = -5*m - j + 735, 0 = -2*m + 2*j + o. Is m a composite number?
True
Let d(s) = -323*s - 36. Let c be d(-11). Suppose -3*v = -5*u + 11798, 4*u - 12955 + c = 2*v. Is u a composite number?
True
Let k be 33 - (-3 + 15)/(-4). Suppose -4*g + 0 = -k. Let l(x) = 14*x**2 - 9*x - 14. Is l(g) a prime number?
True
Let r(c) = -7*c**3 - 4 - c**2 + 1047*c + 8 - 1088*c - 11*c**3 + 5. Is r(-7) a prime number?
True
Let h = 99065 + -68043. Is h a prime number?
False
Suppose -52*b + 5090065 + 2705931 = 0. Is b a composite number?
True
Let v = -75 + 80. Suppose 2343 = v*u + 3*m - 1837, 5*u + m - 4190 = 0. Is u composite?
False
Let n(k) = -1755*k + 344. Is n(-15) prime?
True
Let b(d) = -2*d**3 + 4*d**2 + 49*d + 2. Let f be 78/(-7) + (-29)/(-203). Is b(f) a composite number?
False
Let a = -91 - -1748. Suppose 2*u - 3*u = -a. Is u prime?
True
Suppose 6078 = 8*z - 31330. Suppose -90*h + 94*h + z = 0. Let w = h - -2416. Is w composite?
True
Let y = -160 - 149. Let g = y + 2404. Is g a composite number?
True
Suppose -225*k + 80*k = 96*k - 45796507. Is k prime?
True
Let b(d) = -13*d**3 - 50*d**2 - 276*d - 26. Is b(-30) a composite number?
True
Let b(g) be the second derivative of 577*g**3/6 + g**2 - 17*g. Is b(9) prime?
False
Let k = -603 + 623. Suppose -k*i - 47277 + 162437 = 0. Is i a composite number?
True
Let q be (-54 - (1 - 0)) + -1. Is (2/(-3))/(q/126924) prime?
True
Suppose d - 1 - 3 = 5*n, 2*d = -2*n + 8. Suppose -2*b - 2*g + 283 = -3*g, 20 = -d*g. Is b composite?
False
Suppose -2031640 = -78*t + 5*t + 3651483. Is t a prime number?
False
Is 75/(-675) - 2755928/(-18) composite?
False
Suppose 0 = 350*a - 349*a. Suppose a = -2*d + 2566 + 18880. Is d a composite number?
False
Suppose -3998*l + 4011*l = 2803021. Is l a prime number?
True
Suppose -35*a - 1997180 = -7633685. Is a a prime number?
False
Let c(r) = 17*r**2 + 17*r + 54. Let n be c(19). Suppose -3*u = 2*w - n, w + u - 3263 = -2*u. Is w prime?
True
Let b be 4/(-18) + (-8870328)/648. Let p = 24416 + b. Is p a prime number?
False
Let c(v) = v - 71 - 68 + 134. Let j be c(10). Is (-24)/(-40) + 292/j prime?
True
Let f = 87 - 83. Let s be (-5)/(-4*f/(-13216)). Let a = s - -6109. Is a prime?
True
Let s = -44 - -79. Suppose 10*v = 5*v + s. Suppose -v*f + 0*f = -1855. Is f a prime number?
False
Let x(o) = -66*o**3 - 3*o + 3. Let u be x(1). Let r = u + 553. Is r prime?
True
Suppose p + 5*f = -111, 24 = -p - 4*f - 84. Is 3/2*(-12224)/p a composite number?
False
Let f(u) be the second derivative of u**5/20 + u**4/4 - u**3/3 + 4*u**2 + 8*u. Let a be f(-4). Suppose -6*j + 3*j + 5*v + 517 = a, -2*v + 8 = 0. Is j prime?
True
Suppose 0 = 4*g - 2*k - 24, 5*g + 0*k - 12 = -2*k. Suppose g*l + 5140 = m + 1483, 2*l = 2*m - 7284. Is m a prime number?
True
Let x = -52 + 50. Is ((-5534)/(-2))/((-4 - x) + 3) composite?
False
Let n be -3 - (-29709)/(-1)*-1. Suppose 43*x - 49*x + n = 0. Is x composite?
False
Let d = -10013 + 18906. Let i = 13320 - d. Is i prime?
False
Let m(z) = -4*z - 15. Let b be m(-4). Let k be (1 - b) + 73/((-3)/(-3)). Suppose -k*w - 3565 = -78*w. Is w composite?
True
Suppose -38 = 3*x - 3*b + 43, -97 = 3*x + 5*b. Let g(l) = -2*l**3 - 55*l**2 - 10*l + 65. Is g(x) prime?
False
Suppose -40 = -4*u + 14*u. Let n be (-4 - 192/(-20)) + u/(-10). Is 231/7*1/(n/398) a prime number?
False
Let r(z) = -6*z + 70. Let y be r(12). Is 240310/(-15)*12/16*y a prime number?
False
Suppose 21704 = 19*l - 11*l. Suppose 16*q - 1335 = l. Is q a prime number?
False
Let r be ((-2)/(-4))/(4/176*-2). Is 2/r - (101744/(-88) + -7) a prime number?
True
Is (-3)/(-2) + ((-12)/30 - 16469995/(-50)) a composite number?
False
Let n(o) = 772*o**2 + 39*o + 64. Is n(-11) prime?
True
Suppose -34 = 18*l - 35*l. Suppose -l*x - 2*y + 129 = -1191, 0 = -x + 2*y + 666. Is x a prime number?
False
Let h(j) = 999*j + 671. Is h(8) a composite number?
False
Suppose -s + 5*j = -18 - 258, 2*s + 3*j = 500. Let p = s + 317. Is p a prime number?
False
Let j(y) = 34966*y + 495. Is j(2) composite?
True
Suppose 4*u = -3*l + 124198, -5*u + 155245 = -0*u + 5*l. Is u composite?
False
Let u = 172 - 175. Is 25/(-5) + u + 6625 a composite number?
True
Suppose 5*n = 1 - 11, 0 = 4*f - 3*n - 19038. Let q = -2295 + f. Is ((1 + -6)/15)/((-1)/q) prime?
True
Let h(l) = l**3 - 33*l**2 + 13*l - 41. Let j be h(33). Suppose 9*k - 11*k = -j. Is k prime?
False
Let l = 45597 + -22604. Is l a prime number?
True
Suppose -4*i + 4*a = -214464, -3*i + 47590 + 113259 = -2*a. Is i prime?
True
Let x = -15730 - -43129. Is (-132)/(-286) - x/(-39) composite?
True
Let d be -4*(-5 + 6) + (2 - -2). Suppose d = 21*g - 59189 - 98458. Is g composite?
False
Let i be (2 - (4 - 3)) + 635. Let p(a) = a**2 - 8*a + 5. Let b be p(8). Suppose -y = -i - b. Is y a composite number?
False
Let l = 475 - 439. Is (l/72)/((-2)/(-13864)*2) a prime number?
True
Let d(x) be the third derivative of 27*x**4/4 + x**3/6 - x**2 - 7. Let o = 19 + -15. Is d(o) composite?
True
Let y(n) = 7465*n**2 - 130*n - 952. Is y(-7) prime?
False
Let n = 35 - 35. Suppose 2*d - 2*r = -3*r, -d + 3*r - 7 = n. Is d - (2 - 5) - -447 - 3 prime?
False
Suppose 15009 = 2*b - 3937. Suppose 22*x - b = 7929. Is x composite?
True
Let g be (-2)/6 + 1614/9. Let t be (-27)/4 - ((-651)/(-28))/(-31). Let v = g - t. Is v a prime number?
False
Let r(d) = -16*d**3 - 2*d**2 - 2. Let v be r(-3). Let g = -684 + 686. Suppose -g*c = -v - 406. Is c a prime number?
True
Let d = 282 + -282. Suppose 12*y - 19790 - 2254 = d. Is y a prime number?
False
Suppose 1790*z - 1776*z - 860174 = 0. Is z prime?
True
Suppose 0 = -10*n - 7786 + 63936. Is n prime?
False
Let b = 249 + -240. Let z(w) = 35*w - 166. Is z(b) a composite number?
False
Let o(h) = 631*h - 5. Let s(y) = y**2 - 8*y + 2. Suppose -6 = -3*j + 18. Let x be s(j). Is o(x) prime?
False
Let k(d) = 2085*d - 8. Let r(c) = 10*c - 77. Let q be r(8). Is k(q) a composite number?
False
Suppose 11*w + 3*w = 20*w - 4624998. Is w composite?
True
Suppose 76849 + 377083 = 3*a + 5*j, -3*j - 302615 = -2*a. Is a a prime number?
False
Let m(a) = 38*a**2 + 83*a + 2631. Is m(-44) a composite number?
False
Let n be (-2)/(-2) - 0 - -1918. Let s = 8170 + -5454. Let y = s - n. Is y a prime number?
True
Suppose 0 = -7*u + 16 - 2. Let f = u - -2. Suppose 2*m + 1751 = 3*x, -f*m = -x - 0*m + 587. Is x a prime number?
False
Let x(q) = q**2 + 23*q - 15. Suppose 5*a - 62 = 2*h, -4*a - 62 = 2*h - 3*a. Is x(h) a prime number?
True
Is (-3)/((-12)/16) - (-156995 + 26) a composite number?
True
Let m be (5 + -6)*-1*(2 - 0). Suppose 0 = 5*d - m*d - 2*z - 7877, -10536 = -4*d - 4*z. Is d composite?
True
Let s = 3 - 7. Let n be 347*(1 - -3 - 1). Is (-1 - (n + s))/(-2) composite?
True
Let z be (-24)/8 + 4 + 3. Let f(s) = 1004*s**2 - 7*s - 37. Is f(z) a prime number?
False
Is -2 + (1/(-2))/(-1) + 501418/4 a prime number?
True
Suppose 31*y - 150*y = -4772971. Is y prime?
False
Let g(n) = n**3 - n**2 + 3*n + 9. Let f be g(0). Suppose f*w - 56 = -2. Suppose 565 = w*d - 377. Is d a composite number?
False
Suppose -180*r - 854725 = -205*r. Is r a composite number?
True
Let u be 3/15 + (-1359)/(-5). Suppose 2*p - 42 = 5*t, -12*p - t + 105 = -7*p. Let v = u - p. Is v a prime number?
True
Suppose -23*r = 969 + 8300. Let w = 614 + r. Is w prime?
True
Let c = 106 - 44. Let d be 21/(-49) - c/(-14). Suppose -d*p + 1066 = -730. Is p a composite number?
False
Suppose 213419 = 164*f - 161*f + 5*h, 5*h + 71153 = f. Is f a prime number?
True
Suppose 0 = -a - 5*n + 101414, -a - n + 51557 + 49869 = 0. Is a a prime number?
True
Is (-13 - (-340)/25) + 1470392/5 a composite number?
True
Let r be -56*(-112 + (4 - (-5 + 4))). Suppose z = -h + r, 10*z - 4*h = 12*z - 11994. Is z prime?
True
Let t be (-2)/(-6) + 45/27. Let v(y) = 98*y**2 + 1 + 108*y**2 + 56*y**t. Is v(-2) a c